{"id":20,"date":"2021-08-28T17:56:30","date_gmt":"2021-08-28T15:56:30","guid":{"rendered":"http:\/\/mxifdbc.cluster031.hosting.ovh.net\/?page_id=20"},"modified":"2023-08-19T16:58:54","modified_gmt":"2023-08-19T14:58:54","slug":"news","status":"publish","type":"page","link":"http:\/\/eviedanse-pelissanne.fr\/","title":{"rendered":"News"},"content":{"rendered":"\n<div class=\"wp-block-query\"><ul class=\"is-flex-container columns-3 wp-block-post-template\"><li>\n<h2 class=\"wp-block-post-title\"><a href=\"http:\/\/eviedanse-pelissanne.fr\/index.php\/2026\/04\/26\/gala-20-juin-save-the-date\/\" target=\"_self\" rel=\"   \">GALA 20 JUIN : SAVE THE DATE<\/a><\/h2>\n\n\n\n<div class=\"wp-block-post-excerpt\"><p class=\"wp-block-post-excerpt__excerpt\">A peine avons nous l&rsquo;impression d&rsquo;avoir commenc\u00e9 l&rsquo;ann\u00e9e que nous en voyons d\u00e9j\u00e0 la fin&#8230;Mais c&rsquo;est aussi avec excitation que nous attendons notre gala de fin d&rsquo;ann\u00e9e, chor\u00e9graphi\u00e9 et dirig\u00e9 par C\u00e9line GATT, notre professeure de danse passionn\u00e9e . Plongez dans une soir\u00e9e vibrante o\u00f9 l\u2019\u00e9nergie, le rythme et l\u2019\u00e9motion seront au rendez-vous ! Pas [&hellip;] <\/p><\/div>\n\n\n<hr class=\"wp-block-separator\"\/>\n\n\n<div class=\"wp-block-post-date\"><time datetime=\"2026-04-26T18:47:12+02:00\">26 avril 2026<\/time><\/div>\n<\/li><li>\n<h2 class=\"wp-block-post-title\"><a href=\"http:\/\/eviedanse-pelissanne.fr\/index.php\/2026\/03\/08\/bon-cadeau\/\" target=\"_self\" rel=\"   \">BON CADEAU<\/a><\/h2>\n\n\n\n<div class=\"wp-block-post-excerpt\"><p class=\"wp-block-post-excerpt__excerpt\">Bon cadeau Bien-\u00eatre\u00a0 \u00a0Un anniversaire approche ?\u00a0Et si vous offriez autre chose qu\u2019un objet\u2026 C\u00e9line vous propose des s\u00e9ances\u00a0de stretching postural, d\u00e9tente et relaxation dans une ambiance douce et conviviale, en cours collectif ou individuel. Un moment pour soi, pour rel\u00e2cher les tensions, respirer et se reconnecter \u00e0 son corps.\u00a0 Un cadeau simple, pr\u00e9cieux et [&hellip;] <\/p><\/div>\n\n\n<hr class=\"wp-block-separator\"\/>\n\n\n<div class=\"wp-block-post-date\"><time datetime=\"2026-03-08T16:55:23+01:00\">8 mars 2026<\/time><\/div>\n<\/li><li>\n<h2 class=\"wp-block-post-title\"><a href=\"http:\/\/eviedanse-pelissanne.fr\/index.php\/2026\/01\/23\/atelier-bien-etre-3\/\" target=\"_self\" rel=\"   \">ATELIER BIEN \u00caTRE<\/a><\/h2>\n\n\n\n<div class=\"wp-block-post-excerpt\"><p class=\"wp-block-post-excerpt__excerpt\">Apr\u00e8s les exc\u00e8s des f\u00eates, notre organisme a besoin de faire le plein d\u2019\u00e9nergie et d\u2019\u00e9liminer les toxines accumul\u00e9es. La saison d&rsquo;hiver est parfaite pour ralentir, se recentrer, et purifier son corps. C\u2019est le moment id\u00e9al pour renforcer votre immunit\u00e9 pour poursuivre la saison. VENDREDI 6 F\u00c9VRIER DE 19H30 \u00c0 21H\u00a0dans un premier temps atelier [&hellip;] <\/p><\/div>\n\n\n<hr class=\"wp-block-separator\"\/>\n\n\n<div class=\"wp-block-post-date\"><time datetime=\"2026-01-23T07:54:42+01:00\">23 janvier 2026<\/time><\/div>\n<\/li><li>\n<h2 class=\"wp-block-post-title\"><a href=\"http:\/\/eviedanse-pelissanne.fr\/index.php\/2026\/01\/07\/bonne-resolution\/\" target=\"_self\" rel=\"   \">BONNE RESOLUTION !<\/a><\/h2>\n\n\n\n<div class=\"wp-block-post-excerpt\"><p class=\"wp-block-post-excerpt__excerpt\">Des cours qui ont fait leurs preuves ! VOUS NE SAVEZ TOUJOURS PAS QUOI FAIRE EN CE D\u00c9BUT D&rsquo;ANN\u00c9E ? ET VOUS AVEZ D\u00c9CID\u00c9 DE PRENDRE DE BONNES\u00a0R\u00c9SOLUTIONS ? Alors c&rsquo;est avec nous qu&rsquo;il faut d\u00e9marrer l&rsquo;ann\u00e9e et essentiellement avec une activit\u00e9 qui fait du bien, qui d\u00e9tend, qui assouplit, qui gaine &#8230;. et qui [&hellip;] <\/p><\/div>\n\n\n<hr class=\"wp-block-separator\"\/>\n\n\n<div class=\"wp-block-post-date\"><time datetime=\"2026-01-07T08:54:27+01:00\">7 janvier 2026<\/time><\/div>\n<\/li><li>\n<h2 class=\"wp-block-post-title\"><a href=\"http:\/\/eviedanse-pelissanne.fr\/index.php\/2025\/12\/31\/bonne-annee-2026\/\" target=\"_self\" rel=\"   \">BONNE ANNEE 2026<\/a><\/h2>\n\n\n\n<div class=\"wp-block-post-excerpt\"><p class=\"wp-block-post-excerpt__excerpt\">Nous vous souhaitons une tr\u00e8s bonne ann\u00e9e 2026, nous sous souhaitons, sant\u00e9, prosp\u00e9rit\u00e9 et s\u00e9r\u00e9nit\u00e9, pourquoi pas trouver un peu de calme et d&rsquo;\u00e9vasion dans les activit\u00e9s propos\u00e9es par C\u00e9line, venez nous rejoindre cette ann\u00e9e, il n&rsquo;est pas trop tard ! Nous avons fini l&rsquo;ann\u00e9e avec une belle apr\u00e8s-midi ensemble: les parents, grands-parents et amis [&hellip;] <\/p><\/div>\n\n\n<hr class=\"wp-block-separator\"\/>\n\n\n<div class=\"wp-block-post-date\"><time datetime=\"2025-12-31T16:33:59+01:00\">31 d\u00e9cembre 2025<\/time><\/div>\n<\/li><li>\n<h2 class=\"wp-block-post-title\"><a href=\"http:\/\/eviedanse-pelissanne.fr\/index.php\/2025\/12\/10\/portes-ouvertes-de-noel\/\" target=\"_self\" rel=\"   \">PORTES OUVERTES DE NO\u00cbL<\/a><\/h2>\n\n\n\n<div class=\"wp-block-post-excerpt\"><p class=\"wp-block-post-excerpt__excerpt\">Avant l&rsquo;arriv\u00e9e des f\u00eates de fin d&rsquo;ann\u00e9e, C\u00e9line GATT et l&rsquo;association E vie Danse , avons le plaisir de vous proposer nos portes ouvertes. Convivialit\u00e9 et partage autour de notre sapin de No\u00ebl\u00a0 Pour les danseuses il sera propos\u00e9 un apr\u00e8s-midi No\u00ebl dansant\u00a0le mercredi 17 d\u00e9cembre,\u00a0mettant en avant les cours (\u00e9chauffements, ateliers, danses,..) de toutes [&hellip;] <\/p><\/div>\n\n\n<hr class=\"wp-block-separator\"\/>\n\n\n<div class=\"wp-block-post-date\"><time datetime=\"2025-12-10T08:52:44+01:00\">10 d\u00e9cembre 2025<\/time><\/div>\n<\/li><\/ul><\/div>\n","protected":false},"excerpt":{"rendered":"","protected":false},"author":1,"featured_media":0,"parent":0,"menu_order":0,"comment_status":"closed","ping_status":"closed","template":"","meta":[],"_links":{"self":[{"href":"http:\/\/eviedanse-pelissanne.fr\/index.php\/wp-json\/wp\/v2\/pages\/20"}],"collection":[{"href":"http:\/\/eviedanse-pelissanne.fr\/index.php\/wp-json\/wp\/v2\/pages"}],"about":[{"href":"http:\/\/eviedanse-pelissanne.fr\/index.php\/wp-json\/wp\/v2\/types\/page"}],"author":[{"embeddable":true,"href":"http:\/\/eviedanse-pelissanne.fr\/index.php\/wp-json\/wp\/v2\/users\/1"}],"replies":[{"embeddable":true,"href":"http:\/\/eviedanse-pelissanne.fr\/index.php\/wp-json\/wp\/v2\/comments?post=20"}],"version-history":[{"count":16,"href":"http:\/\/eviedanse-pelissanne.fr\/index.php\/wp-json\/wp\/v2\/pages\/20\/revisions"}],"predecessor-version":[{"id":504,"href":"http:\/\/eviedanse-pelissanne.fr\/index.php\/wp-json\/wp\/v2\/pages\/20\/revisions\/504"}],"wp:attachment":[{"href":"http:\/\/eviedanse-pelissanne.fr\/index.php\/wp-json\/wp\/v2\/media?parent=20"}],"curies":[{"name":"wp","href":"https:\/\/api.w.org\/{rel}","templated":true}]}}

<div class="wp-block-query"><ul class="is-flex-container columns-3 wp-block-post-template"><li>
<h2 class="wp-block-post-title"><a href="http://eviedanse-pelissanne.fr/index.php/2026/04/26/gala-20-juin-save-the-date/" target="_self" rel="   ">GALA 20 JUIN : SAVE THE DATE</a></h2>



<div class="wp-block-post-excerpt"><p class="wp-block-post-excerpt__excerpt">A peine avons nous l&rsquo;impression d&rsquo;avoir commencé l&rsquo;année que nous en voyons déjà la fin&#8230;Mais c&rsquo;est aussi avec excitation que nous attendons notre gala de fin d&rsquo;année, chorégraphié et dirigé par Céline GATT, notre professeure de danse passionnée . Plongez dans une soirée vibrante où l’énergie, le rythme et l’émotion seront au rendez-vous ! Pas [&hellip;] </p></div>


<hr class="wp-block-separator"/>


<div class="wp-block-post-date"><time datetime="2026-04-26T18:47:12+02:00">26 avril 2026</time></div>
</li><li>
<h2 class="wp-block-post-title"><a href="http://eviedanse-pelissanne.fr/index.php/2026/03/08/bon-cadeau/" target="_self" rel="   ">BON CADEAU</a></h2>



<div class="wp-block-post-excerpt"><p class="wp-block-post-excerpt__excerpt">Bon cadeau Bien-être   Un anniversaire approche ? Et si vous offriez autre chose qu’un objet… Céline vous propose des séances de stretching postural, détente et relaxation dans une ambiance douce et conviviale, en cours collectif ou individuel. Un moment pour soi, pour relâcher les tensions, respirer et se reconnecter à son corps.  Un cadeau simple, précieux et [&hellip;] </p></div>


<hr class="wp-block-separator"/>


<div class="wp-block-post-date"><time datetime="2026-03-08T16:55:23+01:00">8 mars 2026</time></div>
</li><li>
<h2 class="wp-block-post-title"><a href="http://eviedanse-pelissanne.fr/index.php/2026/01/23/atelier-bien-etre-3/" target="_self" rel="   ">ATELIER BIEN ÊTRE</a></h2>



<div class="wp-block-post-excerpt"><p class="wp-block-post-excerpt__excerpt">Après les excès des fêtes, notre organisme a besoin de faire le plein d’énergie et d’éliminer les toxines accumulées. La saison d&rsquo;hiver est parfaite pour ralentir, se recentrer, et purifier son corps. C’est le moment idéal pour renforcer votre immunité pour poursuivre la saison. VENDREDI 6 FÉVRIER DE 19H30 À 21H dans un premier temps atelier [&hellip;] </p></div>


<hr class="wp-block-separator"/>


<div class="wp-block-post-date"><time datetime="2026-01-23T07:54:42+01:00">23 janvier 2026</time></div>
</li><li>
<h2 class="wp-block-post-title"><a href="http://eviedanse-pelissanne.fr/index.php/2026/01/07/bonne-resolution/" target="_self" rel="   ">BONNE RESOLUTION !</a></h2>



<div class="wp-block-post-excerpt"><p class="wp-block-post-excerpt__excerpt">Des cours qui ont fait leurs preuves ! VOUS NE SAVEZ TOUJOURS PAS QUOI FAIRE EN CE DÉBUT D&rsquo;ANNÉE ? ET VOUS AVEZ DÉCIDÉ DE PRENDRE DE BONNES RÉSOLUTIONS ? Alors c&rsquo;est avec nous qu&rsquo;il faut démarrer l&rsquo;année et essentiellement avec une activité qui fait du bien, qui détend, qui assouplit, qui gaine &#8230;. et qui [&hellip;] </p></div>


<hr class="wp-block-separator"/>


<div class="wp-block-post-date"><time datetime="2026-01-07T08:54:27+01:00">7 janvier 2026</time></div>
</li><li>
<h2 class="wp-block-post-title"><a href="http://eviedanse-pelissanne.fr/index.php/2025/12/31/bonne-annee-2026/" target="_self" rel="   ">BONNE ANNEE 2026</a></h2>



<div class="wp-block-post-excerpt"><p class="wp-block-post-excerpt__excerpt">Nous vous souhaitons une très bonne année 2026, nous sous souhaitons, santé, prospérité et sérénité, pourquoi pas trouver un peu de calme et d&rsquo;évasion dans les activités proposées par Céline, venez nous rejoindre cette année, il n&rsquo;est pas trop tard ! Nous avons fini l&rsquo;année avec une belle après-midi ensemble: les parents, grands-parents et amis [&hellip;] </p></div>


<hr class="wp-block-separator"/>


<div class="wp-block-post-date"><time datetime="2025-12-31T16:33:59+01:00">31 décembre 2025</time></div>
</li><li>
<h2 class="wp-block-post-title"><a href="http://eviedanse-pelissanne.fr/index.php/2025/12/10/portes-ouvertes-de-noel/" target="_self" rel="   ">PORTES OUVERTES DE NOËL</a></h2>



<div class="wp-block-post-excerpt"><p class="wp-block-post-excerpt__excerpt">Avant l&rsquo;arrivée des fêtes de fin d&rsquo;année, Céline GATT et l&rsquo;association E vie Danse , avons le plaisir de vous proposer nos portes ouvertes. Convivialité et partage autour de notre sapin de Noël  Pour les danseuses il sera proposé un après-midi Noël dansant le mercredi 17 décembre, mettant en avant les cours (échauffements, ateliers, danses,..) de toutes [&hellip;] </p></div>


<hr class="wp-block-separator"/>


<div class="wp-block-post-date"><time datetime="2025-12-10T08:52:44+01:00">10 décembre 2025</time></div>
</li></ul></div>
