{"id":47,"date":"2021-08-28T18:26:31","date_gmt":"2021-08-28T16:26:31","guid":{"rendered":"https:\/\/mxifdbc.cluster031.hosting.ovh.net\/?page_id=47"},"modified":"2025-08-15T17:51:59","modified_gmt":"2025-08-15T15:51:59","slug":"les-cours","status":"publish","type":"page","link":"http:\/\/eviedanse-pelissanne.fr\/index.php\/les-cours\/","title":{"rendered":"Les cours de danse"},"content":{"rendered":"\n<p><strong>INTRO SUR LA DANSE&nbsp;:<\/strong>&nbsp;La professeure propose diverses disciplines et ses cours sont \u00e0 la fois techniques par l&rsquo;approfondissement des acquis techniques au travers d\u2019exercices courts et de d\u00e9placements dans\u00e9s. Mais aussi libres par l\u2019exploration des mouvements instinctifs afin de&nbsp;d\u00e9couvrir par des exp\u00e9riences corporelles et sensorielles toutes ses possibilit\u00e9s.&nbsp;Elles font appara\u00eetre la sensibilit\u00e9 artistique de chacun, permettent de d\u00e9velopper \u00e0 la fois la qualit\u00e9 technique et le plaisir du mouvement, rigueur et \u00e9nergies. La relation de la danse \u00e0 la musique, au silence, \u00e0 l\u2019espace, \u00e0 la recherche du mouvement et \u00e0 la cr\u00e9ation sont au c\u0153ur de l\u2019enseignement.<\/p>\n\n\n\n<p>En entrant dans nos cours, les&nbsp;\u00e9l\u00e8ves commencent un parcours qui allie technique et artistique, expression individuelle et travail collectif. Ces danses procurent un v\u00e9ritable bien-\u00eatre et s\u2019adressent \u00e0 tous ceux qui souhaitent lib\u00e9rer leur esprit, leurs tensions, et ressentir la musique tout en se d\u00e9pensant. O\u00f9 chacune, chacun, peut trouver sa place dans le travail et le plaisir du mouvement.<\/p>\n\n\n\n<p>Danser, c&rsquo;est acc\u00e9der \u00e0 une po\u00e9sie personnelle, c&rsquo;est prendre le chemin de la cr\u00e9ation, de l&rsquo;interpr\u00e9tation, de l&rsquo;expression de quelque chose qui est en soi. Conna\u00eetre et ma\u00eetriser son corps, c&rsquo;est pouvoir se comprendre soi-m\u00eame, apprendre \u00e0 mieux se g\u00e9rer, \u00e0 communiquer et \u00e0 vivre avec ses \u00e9motions.<\/p>\n\n\n\n<div class=\"wp-block-media-text alignwide is-stacked-on-mobile\"><figure class=\"wp-block-media-text__media\"><img loading=\"lazy\" width=\"683\" height=\"1024\" src=\"http:\/\/eviedanse-pelissanne.fr\/wp-content\/uploads\/2025\/08\/eviedanse-2025-4-high-ax8hk4-2-683x1024.webp\" alt=\"\" class=\"wp-image-718 size-full\" srcset=\"http:\/\/eviedanse-pelissanne.fr\/wp-content\/uploads\/2025\/08\/eviedanse-2025-4-high-ax8hk4-2-683x1024.webp 683w, http:\/\/eviedanse-pelissanne.fr\/wp-content\/uploads\/2025\/08\/eviedanse-2025-4-high-ax8hk4-2-200x300.webp 200w, http:\/\/eviedanse-pelissanne.fr\/wp-content\/uploads\/2025\/08\/eviedanse-2025-4-high-ax8hk4-2-768x1152.webp 768w, http:\/\/eviedanse-pelissanne.fr\/wp-content\/uploads\/2025\/08\/eviedanse-2025-4-high-ax8hk4-2-1024x1536.webp 1024w, http:\/\/eviedanse-pelissanne.fr\/wp-content\/uploads\/2025\/08\/eviedanse-2025-4-high-ax8hk4-2-1365x2048.webp 1365w, http:\/\/eviedanse-pelissanne.fr\/wp-content\/uploads\/2025\/08\/eviedanse-2025-4-high-ax8hk4-2-scaled.webp 1707w\" sizes=\"(max-width: 683px) 100vw, 683px\" \/><\/figure><div class=\"wp-block-media-text__content\">\n<h3 class=\"has-pale-pink-color has-text-color\">DANSE 3-4 \/ 4-5 \/ 5-6 \/ 6-7 \/ 7-8 ans<\/h3>\n\n\n\n<p><strong>Si votre\u00a0enfant a entre 3 et 5 ans<\/strong>\u00a0, voil\u00e0 son premier cours de danse o\u00f9 il s\u2019entra\u00eenera \u00e0 travailler des mouvements sur de la musique de fa\u00e7on ludique<strong>.\u00a0<\/strong>Car c\u2019est \u00e0 partir de 3 ans que la motricit\u00e9 des enfants est la plus d\u00e9velopp\u00e9e, tout comme leur capacit\u00e9 d\u2019\u00e9coute et de concentration. Un autre point pratique essentiel, c\u2019est l\u2019autonomie : \u00e0 4 ans les enfants sont susceptibles de profiter d\u2019une activit\u00e9 sans leurs parents le temps d\u2019un cours.\u00a0<strong>Si votre enfant est \u00e2g\u00e9 entre 5 et 8 ans, alors il pourra commencer des cours un peu plus pouss\u00e9s d\u2019\u00c9veil ou d\u2019Initiation,<\/strong>\u00a0o\u00f9 les bases de la danse seront approfondies. Il y apprendra \u00e0 pointer\/fl\u00e9chir ses pieds, tenir son dos, tenir une 1\u00e8re, un en-dehors, un retir\u00e9, et bien s\u00fbr, \u00e0 d\u00e9velopper sa souplesse.\u00a0M\u00eame s\u2019il faudra attendre l\u2019\u00e2ge de 8 ans pour s\u2019initier \u00e0 la danse de fa\u00e7on plus technique. Le cours va d\u00e9velopper son amour pour la danse plus que la technique. Favoriser la synchronisation de ses mouvements, jouer et danser seul ou en groupe. Rencontrer de nouveaux enfants et d\u00e9passer sa timidit\u00e9, en autre&#8230;<\/p>\n<\/div><\/div>\n\n\n\n<div class=\"wp-block-media-text alignwide has-media-on-the-right is-stacked-on-mobile\"><figure class=\"wp-block-media-text__media\"><img loading=\"lazy\" width=\"1024\" height=\"683\" src=\"http:\/\/eviedanse-pelissanne.fr\/wp-content\/uploads\/2025\/08\/eviedanse-2025-131-high-2-1024x683.webp\" alt=\"\" class=\"wp-image-721 size-full\" srcset=\"http:\/\/eviedanse-pelissanne.fr\/wp-content\/uploads\/2025\/08\/eviedanse-2025-131-high-2-1024x683.webp 1024w, http:\/\/eviedanse-pelissanne.fr\/wp-content\/uploads\/2025\/08\/eviedanse-2025-131-high-2-300x200.webp 300w, http:\/\/eviedanse-pelissanne.fr\/wp-content\/uploads\/2025\/08\/eviedanse-2025-131-high-2-768x512.webp 768w, http:\/\/eviedanse-pelissanne.fr\/wp-content\/uploads\/2025\/08\/eviedanse-2025-131-high-2-1536x1024.webp 1536w, http:\/\/eviedanse-pelissanne.fr\/wp-content\/uploads\/2025\/08\/eviedanse-2025-131-high-2.webp 1920w\" sizes=\"(max-width: 1024px) 100vw, 1024px\" \/><\/figure><div class=\"wp-block-media-text__content\">\n<h3 class=\"has-light-green-cyan-color has-text-color\">MODERNE\/ATELIER CONTEMPORAIN<\/h3>\n\n\n\n<h3 class=\"has-light-green-cyan-color has-text-color\">&amp; MODERN&rsquo;JAZZ<\/h3>\n\n\n\n<h3 class=\"has-light-green-cyan-color has-text-color\">9-11 ans (CM) &amp;&nbsp; 11-14 ans (Coll\u00e8ge)<\/h3>\n\n\n\n<p>Explorez la gr\u00e2ce et la discipline:  une base essentielle pour toutes les formes de danse.<\/p>\n\n\n\n<p>D\u00e8s l\u2019\u00e2ge de 9 ans, l&rsquo;attention est port\u00e9e sur le travail de l\u2019intention, de la qualit\u00e9 et de l\u2019\u00e9nergie du mouvement. Pour autant l&rsquo;enseignement se doit d&rsquo;\u00eatre instructif et la danse reste ludique et plaisante.<\/p>\n\n\n\n<p>C\u2019est surtout la premi\u00e8re ann\u00e9e o\u00f9 l\u2019on participe \u00e0 un \u201cvrai\u201d cours, plus rigoureux, dans lequel la barre est utilis\u00e9e pour certains exercices, et o\u00f9 l\u2019enfant est autonome dans ses encha\u00eenements face au miroir et dans l&rsquo;espace de la salle.<\/p>\n<\/div><\/div>\n\n\n\n<div class=\"wp-block-media-text alignwide is-stacked-on-mobile\"><figure class=\"wp-block-media-text__media\"><img loading=\"lazy\" width=\"683\" height=\"1024\" src=\"http:\/\/eviedanse-pelissanne.fr\/wp-content\/uploads\/2025\/08\/eviedanse-2025-172-high-683x1024.webp\" alt=\"\" class=\"wp-image-722 size-full\" srcset=\"http:\/\/eviedanse-pelissanne.fr\/wp-content\/uploads\/2025\/08\/eviedanse-2025-172-high-683x1024.webp 683w, http:\/\/eviedanse-pelissanne.fr\/wp-content\/uploads\/2025\/08\/eviedanse-2025-172-high-200x300.webp 200w, http:\/\/eviedanse-pelissanne.fr\/wp-content\/uploads\/2025\/08\/eviedanse-2025-172-high-768x1152.webp 768w, http:\/\/eviedanse-pelissanne.fr\/wp-content\/uploads\/2025\/08\/eviedanse-2025-172-high-1024x1536.webp 1024w, http:\/\/eviedanse-pelissanne.fr\/wp-content\/uploads\/2025\/08\/eviedanse-2025-172-high-1365x2048.webp 1365w, http:\/\/eviedanse-pelissanne.fr\/wp-content\/uploads\/2025\/08\/eviedanse-2025-172-high-scaled.webp 1707w\" sizes=\"(max-width: 683px) 100vw, 683px\" \/><\/figure><div class=\"wp-block-media-text__content\">\n<h3 class=\"has-vivid-cyan-blue-color has-text-color\">MODERNE\/ATELIER CONTEMPORAIN Ados + 14 ans &#8211; Adultes<\/h3>\n\n\n\n<p>Lib\u00e9rez votre expression \u00e0 travers la danse moderne et contemporaine, un style fluide et \u00e9motionnel.<\/p>\n\n\n\n<p>D\u2019un point de vue technique, la danse moderne est une danse dite \u00ab dans le sol \u00bb, c\u2019est-\u00e0-dire qu\u2019elle inclut des mouvements sur jambes pli\u00e9es et de nombreux passages au sol, par opposition \u00e0 la danse classique. Elle s&rsquo;exprime par des sentiments profonds et reposant presque enti\u00e8rement sur les ressentis du spectateur. Au lieu de montrer une technique et une esth\u00e9tique parfaites, la danse moderne montre le r\u00e9alisme de la vie et de tout ce qui la rend unique.<\/p>\n\n\n\n<p>Au travers d&rsquo;ateliers d&rsquo;improvisation et parfois m\u00eame de la danse contact elle permet aux \u00e9l\u00e8ves d&rsquo;acqu\u00e9rir les notions n\u00e9cessaires \u00e0 la composition personnelle. S&rsquo;inspirant des courants de notre \u00e9poque d\u00e9tourn\u00e9e avec d&rsquo;autres disciplines artistiques tels que&nbsp;: le th\u00e9\u00e2tre, l\u2019art plastique, le cirque&#8230; Elle \u00e9volue vers la cr\u00e9ation par des ateliers contemporains qui guide les \u00e9l\u00e8ves vers l\u2019originalit\u00e9 et vers leur propre \u00e9criture corporelle dans\u00e9e.<\/p>\n<\/div><\/div>\n\n\n\n<div class=\"wp-block-media-text alignwide has-media-on-the-right is-stacked-on-mobile\"><figure class=\"wp-block-media-text__media\"><img loading=\"lazy\" width=\"683\" height=\"1024\" src=\"http:\/\/eviedanse-pelissanne.fr\/wp-content\/uploads\/2025\/08\/eviedanse-2025-159-high-683x1024.webp\" alt=\"\" class=\"wp-image-723 size-full\" srcset=\"http:\/\/eviedanse-pelissanne.fr\/wp-content\/uploads\/2025\/08\/eviedanse-2025-159-high-683x1024.webp 683w, http:\/\/eviedanse-pelissanne.fr\/wp-content\/uploads\/2025\/08\/eviedanse-2025-159-high-200x300.webp 200w, http:\/\/eviedanse-pelissanne.fr\/wp-content\/uploads\/2025\/08\/eviedanse-2025-159-high-768x1152.webp 768w, http:\/\/eviedanse-pelissanne.fr\/wp-content\/uploads\/2025\/08\/eviedanse-2025-159-high-1024x1536.webp 1024w, http:\/\/eviedanse-pelissanne.fr\/wp-content\/uploads\/2025\/08\/eviedanse-2025-159-high-1365x2048.webp 1365w, http:\/\/eviedanse-pelissanne.fr\/wp-content\/uploads\/2025\/08\/eviedanse-2025-159-high-scaled.webp 1707w\" sizes=\"(max-width: 683px) 100vw, 683px\" \/><\/figure><div class=\"wp-block-media-text__content\">\n<h3 class=\"has-vivid-purple-color has-text-color\">MODERN&rsquo; JAZZ Style Lyric<\/h3>\n\n\n\n<h3 class=\"has-vivid-purple-color has-text-color\">Ados + 14 ans &#8211; Adultes<\/h3>\n\n\n\n<p>Dynamisme et \u00e9nergie au rendez-vous avec le modern jazz, une fusion de technique et de libert\u00e9.<\/p>\n\n\n\n<p>Dans ces cours les \u00e9l\u00e8ves pourront d\u00e9couvrir le rapport \u00e0 la musique en variant diff\u00e9rents styles (actuelle, pop funk, blues&#8230;) tout en d\u00e9veloppant leur sens artistique en relation avec les codes et les sp\u00e9cificit\u00e9s li\u00e9s \u00e0 la danse jazz. Elle demande une certaine attitude, une rigueur, ainsi qu\u2019un travail sur l\u2019\u00e9nergie et se caract\u00e9rise par la coordination et l\u2019isolation des mouvements. Dans ce style, la mobilit\u00e9 du torse est tr\u00e8s importante. La position des pieds en parall\u00e8le est caract\u00e9ristique, contrairement aux positions en premi\u00e8re du ballet. La plupart de ces pas sont sur le sol, on peut donc la qualifier de \u00ab danse terrestre \u00bb. Elles laissent beaucoup de libert\u00e9 \u00e0 l\u2019expression du danseur et au \u201cfeeling\u201d.<\/p>\n<\/div><\/div>\n\n\n\n<div class=\"wp-block-media-text alignwide is-stacked-on-mobile\"><figure class=\"wp-block-media-text__media\"><img loading=\"lazy\" width=\"800\" height=\"705\" src=\"http:\/\/eviedanse-pelissanne.fr\/wp-content\/uploads\/2025\/08\/eviedanse-2025-218-high.webp\" alt=\"\" class=\"wp-image-724 size-full\" srcset=\"http:\/\/eviedanse-pelissanne.fr\/wp-content\/uploads\/2025\/08\/eviedanse-2025-218-high.webp 800w, http:\/\/eviedanse-pelissanne.fr\/wp-content\/uploads\/2025\/08\/eviedanse-2025-218-high-300x264.webp 300w, http:\/\/eviedanse-pelissanne.fr\/wp-content\/uploads\/2025\/08\/eviedanse-2025-218-high-768x677.webp 768w\" sizes=\"(max-width: 800px) 100vw, 800px\" \/><\/figure><div class=\"wp-block-media-text__content\">\n<h3 class=\"has-vivid-red-color has-text-color\">MODERN&rsquo; CABARET&nbsp;&nbsp;Adultes<\/h3>\n\n\n\n<p>Vous avez envie de vous reconnecter avec \u00a0votre sensualit\u00e9 ou simplement de danser pour vous. On oublie ses complexes, on se l\u00e2che et on s&rsquo;amuse ! Le but \u00e9tant de mettre en avant la femme sans vulgarit\u00e9 juste avec du charme dans une ambiance conviviale et en laissant s&rsquo;exprimer votre jolie d\u00e9hanch\u00e9 et pas que !<\/p>\n\n\n\n<p> Au travers de chor\u00e9graphies originales voluptueuses, agr\u00e9ment\u00e9es de strass, de plumes et de paillettes, et pourquoi pas sur talons. Cette discipline demande de la sensualit\u00e9, de l&rsquo;\u00e9l\u00e9gance, du maintien et surtout de la bonne humeur. Sans oublier la technique de la danse jazz et la l\u00e9g\u00e8ret\u00e9 de la danse moderne.\u00a0 C\u00e9line vous propose une discipline en modernisant et en innovant au travers de chor\u00e9graphies glamours, sexy et entra\u00eenantes. Le ma\u00eetre mot dans ses cours: c&rsquo;est la bonne humeur, sourire, partage, acceptation de soi et des autres. Permettant \u00e0 chaque femme de se d\u00e9couvrir et de se d\u00e9voiler !<\/p>\n<\/div><\/div>\n\n\n\n<p><\/p>\n\n\n\n<h2 class=\"has-vivid-red-color has-text-color\">PLANNING 2025-2026<\/h2>\n\n\n\n<p class=\"has-vivid-cyan-blue-color has-text-color\"><strong>MERCREDI<\/strong><\/p>\n\n\n\n<p>09h15 \u00e0 10h15 COURS PARTICULIER ou WEDDING DANCE<\/p>\n\n\n\n<p>10h15 \u00e0 10h45 DANSE 3-4 ans ( 2 \u00bd ans selon \u00e9veil)<\/p>\n\n\n\n<p>11h00 \u00e0 11h45 DANSE 4-5 ans<\/p>\n\n\n\n<p>12h15 \u00e0 13h15 COURS PARTICULIER ou WEDDING D-<\/p>\n\n\n\n<p>14h00 \u00e0 14h45 DANSE 7-8 ans<\/p>\n\n\n\n<p>14h45 \u00e0 15h30 DANSE 6-7 ans<\/p>\n\n\n\n<p>15h30 \u00e0 16h15 DANSE 5-6 ans<\/p>\n\n\n\n<p>16h30 \u00e0 17h30 M\/AT-CONTEMPORAIN 9-11 ans (CM)*<\/p>\n\n\n\n<p>17h30 \u00e0 18h30 M\/AT-CONTEMPORAIN 11-14 ans (Coll\u00e8ge)*<\/p>\n\n\n\n<p><em>* seconder par Nina, danseuse contemporaine<\/em><\/p>\n\n\n\n<p>21h00 \u00e0 22h00 COURS PARTICULIER ou WEDDING D-<\/p>\n\n\n\n<p class=\"has-vivid-cyan-blue-color has-text-color\"><strong>JEUDI<\/strong><\/p>\n\n\n\n<p>16h45 \u00e0 17h45 MODERN&rsquo; JAZZ 9-11 ans (CM)<\/p>\n\n\n\n<p>17h45 \u00e0 18h45 MODERN&rsquo; JAZZ&nbsp;11-14 ans (Coll\u00e8ge)<\/p>\n\n\n\n<p>18h45 \u00e0 19h45 MODERN&rsquo; JAZZ \u00ab\u00a0style LYRIC\u00a0\u00bb +14 ans-Adultes<\/p>\n\n\n\n<p>20h00 \u00e0 21h00 MODERN&rsquo; CABARET&nbsp;Adultes<\/p>\n\n\n\n<p class=\"has-vivid-cyan-blue-color has-text-color\"><strong>SAMEDI<\/strong><\/p>\n\n\n\n<p>11h30 \u00e0 12h30 M\/AT-CONTEMPORAIN&nbsp;+14 ans-Adultes<\/p>\n\n\n\n<p>12h30 \u00e0 13h30 M\/AT-CONTEMPORAIN Ados &#8211; Adultes NvAv<\/p>\n\n\n\n<p class=\"has-vivid-purple-color has-text-color\"><strong>NOUVEAU !&nbsp;LE LUNDI \u00e0&nbsp;SALON BEL- AIR<\/strong><\/p>\n\n\n\n<p>16h40 \u00e0 17h40 DANSE &amp; Musique 6-8 ans<\/p>\n","protected":false},"excerpt":{"rendered":"<p>INTRO SUR LA DANSE&nbsp;:&nbsp;La professeure propose diverses disciplines et ses cours sont \u00e0 la fois techniques par l&rsquo;approfondissement des acquis techniques au travers d\u2019exercices courts et de d\u00e9placements dans\u00e9s. Mais aussi libres par l\u2019exploration des mouvements instinctifs afin de&nbsp;d\u00e9couvrir par des exp\u00e9riences corporelles et sensorielles toutes ses possibilit\u00e9s.&nbsp;Elles font appara\u00eetre la sensibilit\u00e9 artistique de chacun, [&hellip;]<\/p>\n","protected":false},"author":1,"featured_media":0,"parent":0,"menu_order":0,"comment_status":"closed","ping_status":"closed","template":"","meta":[],"_links":{"self":[{"href":"http:\/\/eviedanse-pelissanne.fr\/index.php\/wp-json\/wp\/v2\/pages\/47"}],"collection":[{"href":"http:\/\/eviedanse-pelissanne.fr\/index.php\/wp-json\/wp\/v2\/pages"}],"about":[{"href":"http:\/\/eviedanse-pelissanne.fr\/index.php\/wp-json\/wp\/v2\/types\/page"}],"author":[{"embeddable":true,"href":"http:\/\/eviedanse-pelissanne.fr\/index.php\/wp-json\/wp\/v2\/users\/1"}],"replies":[{"embeddable":true,"href":"http:\/\/eviedanse-pelissanne.fr\/index.php\/wp-json\/wp\/v2\/comments?post=47"}],"version-history":[{"count":25,"href":"http:\/\/eviedanse-pelissanne.fr\/index.php\/wp-json\/wp\/v2\/pages\/47\/revisions"}],"predecessor-version":[{"id":725,"href":"http:\/\/eviedanse-pelissanne.fr\/index.php\/wp-json\/wp\/v2\/pages\/47\/revisions\/725"}],"wp:attachment":[{"href":"http:\/\/eviedanse-pelissanne.fr\/index.php\/wp-json\/wp\/v2\/media?parent=47"}],"curies":[{"name":"wp","href":"https:\/\/api.w.org\/{rel}","templated":true}]}}