{"id":726,"date":"2025-08-15T18:09:17","date_gmt":"2025-08-15T16:09:17","guid":{"rendered":"http:\/\/eviedanse-pelissanne.fr\/?page_id=726"},"modified":"2025-08-15T18:09:17","modified_gmt":"2025-08-15T16:09:17","slug":"les-cours-de-bien-etre","status":"publish","type":"page","link":"http:\/\/eviedanse-pelissanne.fr\/index.php\/les-cours-de-bien-etre\/","title":{"rendered":"Les cours de Bien-\u00eatre"},"content":{"rendered":"\n<h2 class=\"has-vivid-cyan-blue-color has-text-color\">S\u00e9ance \u00ab\u00a0Zen Strech&rsquo; \u00ab\u00a0<\/h2>\n\n\n\n<p><strong>Douceur et S\u00e9r\u00e9nit\u00e9<\/strong><\/p>\n\n\n\n<p>Ce cours est propos\u00e9 \u00e0 partir&nbsp;des fondamentaux du stretching postural. Il permet d&rsquo;am\u00e9liorer l\u2019\u00e9tat fonctionnel de tous les syst\u00e8mes par un travail de souplesse articulaire, mais aussi en tonifiant et en \u00e9tirant les muscles.<\/p>\n\n\n\n<p>Bas\u00e9 sur des\u00a0postures statiques ou dynamiques, il sort du cadre purement physique pour entrer dans une dimension plus globale d\u2019\u00e9coute de soi, de pr\u00e9vention et d\u2019entretien de la sant\u00e9. Les exercices permettent\u00a0un travail tr\u00e8s personnalis\u00e9 qui\u00a0accro\u00eet la capacit\u00e9 d\u2019auto-\u00e9coute personnelle et am\u00e9liore la condition psychophysique g\u00e9n\u00e9rale.\u00a0<\/p>\n\n\n\n<p>Les encha\u00eenements pourraient faire penser \u00e0 une\u00a0rencontre entre le Yoga,\u00a0pour le c\u00f4t\u00e9 \u00e9tirements et le Qi Gong\u00a0pour le c\u00f4t\u00e9 \u00e9coute des flux d&rsquo;\u00e9nergie.\u00a0Ils sont\u00a0effectu\u00e9s essentiellement au sol dans la douceur avec nos propres possibilit\u00e9s d&rsquo;amplitude. On y pratique\u00a0les techniques de respiration qui nous aident \u00e0 contr\u00f4ler notre cardio et \u00e0 manipuler l\u2019\u00e9nergie vitale. Ce cours se dit zen dans le but final de cr\u00e9er un espace de s\u00e9r\u00e9nit\u00e9 et de bien-\u00eatre profond pour se d\u00e9tendre et se laisser vivre dans le moment pr\u00e9sent.\u00a0Dans cette s\u00e9ance,\u00a0la relaxation\u00a0aide \u00e0 prendre conscience du pr\u00e9sent, \u00e0 atteindre l\u2019\u00e9tat de pl\u00e9nitude et \u00e0 se\u00a0recentrer\u00a0sur soi. .\u00a0Ce cours\u00a0nous invite \u00e0 harmoniser le corps, le c\u0153ur et l&rsquo;esprit !\u00a0<\/p>\n\n\n\n<p>Un cours qui convient aussi bien aux d\u00e9butants qu&rsquo;aux niveaux interm\u00e9diaires et \u00e0 tout \u00e2ge.<\/p>\n\n\n\n<h2 class=\"has-vivid-cyan-blue-color has-text-color\">S\u00e9ance \u00ab\u00a0Flow&rsquo; Tonic\u00a0\u00bb<\/h2>\n\n\n\n<p><strong>\u00c9nergie et Postures<\/strong><\/p>\n\n\n\n<p>C\u2019est un encha\u00eenement tonique qui fait travailler tous les muscles du corps dans des s\u00e9quences ludiques et exigeantes. Similaire \u00e0 la pratique du yoga Vinyasa ou d&rsquo;une s\u00e9ance de Pilates : un\u00a0m\u00e9lange de mouvements et de postures plus physique\u00a0que le \u00ab\u00a0Zen Strech&rsquo; \u00a0\u00bb dans le but d&rsquo;un gainage complet de tout le corps et surtout de la musculature profonde.\u00a0<\/p>\n\n\n\n<p>La s\u00e9ance commence g\u00e9n\u00e9ralement par des exercices qui aident \u00e0 activer les muscles sans oublier bien s\u00fbr l\u2019importance de la respiration. Puis suivent les\u00a0positions qui sont maintenues au rythme des inspirations et des expirations, c\u2019est pourquoi on parle de \u00abFlow\u00bb. La respiration donne donc non seulement le rythme, mais elle nous aide \u00e9galement \u00e0 rester centr\u00e9 sur nous m\u00eame et permet de soulager la douleur dans certaines positions plus difficiles \u00e0 tenir. Les positions debout et les \u00e9quilibres sont suivies de diff\u00e9rentes postures au sol.\u00a0S\u2019inspirant de la danse et du yoga moderne, visant un d\u00e9veloppement harmonieux du corps, la ma\u00eetrise et la fluidit\u00e9 des mouvements au son d\u2019une playlist rythm\u00e9e.\u00a0<\/p>\n\n\n\n<p>La fin de s\u00e9ance se termine par un temps de d\u00e9tente afin de&nbsp;ramener le calme.&nbsp;C\u2019est une partie tr\u00e8s importante et agr\u00e9able du cours. Allong\u00e9 sur le dos, le corps se d\u00e9tend lentement pour rentrer&nbsp;dans un \u00e9tat de relaxation.<\/p>\n\n\n\n<h2 class=\"has-luminous-vivid-amber-color has-text-color\">DES EXERCICES QUI SOIGNENT, COMMENT CELA EST-IL POSSIBLE ?<\/h2>\n\n\n\n<p>Les\u00a0 s\u00e9ances bien-\u00eatre sont la compilation d&rsquo;un ensemble d&rsquo;approches:\u00a0<strong>de la sophrologie, de la relaxation, de la m\u00e9ditation, du yoga, du Pilates, de la danse&#8230;\u00a0<\/strong><\/p>\n\n\n\n<p>L&rsquo;objectif est de retrouver son centre, ses muscles profonds qui maintiennent la colonne vert\u00e9brale, stabilisent le tronc et garantissent une bonne attitude corporelle. La m\u00e9thode se d\u00e9veloppe autour de quelques principes essentiels: respiration consciente, concentration, activation du centre, fluidit\u00e9 du corps,&#8230; Ce sont des pratiques \u00e0 int\u00e9grer \u00e0 son quotidien ou \u00e0 sa routine sportive pour mettre en avant ses propres besoins.&nbsp;<strong>Au programme: automassage, d\u00e9tente et souplesse articulaire, \u00e9tirement et auto-agrandissement de la colonne, am\u00e9lioration de la posture et de l&rsquo;\u00e9quilibre, renforcement et stabilit\u00e9 musculaire. Et aussi \u00e9limination des toxines, amincissement, calme int\u00e9rieure, s\u00e9r\u00e9nit\u00e9 \u00e9motionnelle, concentration &#8230;<\/strong><\/p>\n\n\n\n<p>Un programme d&rsquo;exercices \u00e9volutif et personnalis\u00e9 aux besoins de chacun vous est propos\u00e9, et chacun avance \u00e0 son rythme.\u00a0Il s&rsquo;adresse \u00e0 tout public pratiquant r\u00e9gulier ou pas.<\/p>\n\n\n\n<p>Une m\u00e9thode et des exercices approuv\u00e9s pour&nbsp;<strong>des bienfaits profonds et durables pour la sant\u00e9 physique, psychique et \u00e9motionnelle.<\/strong><\/p>\n\n\n\n<p>Ces s\u00e9ances quotidiennes sont compl\u00e9t\u00e9es par&nbsp;<strong>des ateliers ponctuels en collaboration avec des professionnels de la sant\u00e9 et du bien-\u00eatre,&nbsp; r\u00e9flexologue, di\u00e9t\u00e9ticienne, sophrologue, sono-th\u00e9rapeute&#8230;<\/strong>&nbsp;Ces ateliers sont mis en place pour apporter des cl\u00e9s pour un mieux \u00eatre .&nbsp;Au-del\u00e0 du bien-\u00eatre et des effets positifs sur la sant\u00e9 on y vient aussi pour trouver en soi le calme et la s\u00e9r\u00e9nit\u00e9 dans un lieu propice \u00e0 la d\u00e9tente.&nbsp;<strong>Rejoignez nous<\/strong><strong>&nbsp;ponctuellement \u00e0 l&rsquo;espace Colibri ou au centre de kin\u00e9 sur P\u00e9lissanne<\/strong>&nbsp;tout au long de l&rsquo;ann\u00e9e pour nos ateliers ponctuels en collaboration avec des th\u00e9rapeutes et des professionnels du bien-\u00eatre. Suivez nous sur les r\u00e9seaux sociaux&nbsp;!<\/p>\n\n\n\n<p><strong>Vous souhaitez prendre soin de votre mental et de votre corps sans sacrifier la notion de plaisir ? C&rsquo;est les m\u00e9thodes qu&rsquo;il vous faut !<\/strong><\/p>\n\n\n\n<div class=\"wp-block-media-text alignwide is-stacked-on-mobile\"><figure class=\"wp-block-media-text__media\"><img loading=\"lazy\" width=\"800\" height=\"800\" src=\"http:\/\/eviedanse-pelissanne.fr\/wp-content\/uploads\/2025\/08\/be-11-11-9-high.webp\" alt=\"\" class=\"wp-image-727 size-full\" srcset=\"http:\/\/eviedanse-pelissanne.fr\/wp-content\/uploads\/2025\/08\/be-11-11-9-high.webp 800w, http:\/\/eviedanse-pelissanne.fr\/wp-content\/uploads\/2025\/08\/be-11-11-9-high-300x300.webp 300w, http:\/\/eviedanse-pelissanne.fr\/wp-content\/uploads\/2025\/08\/be-11-11-9-high-150x150.webp 150w, http:\/\/eviedanse-pelissanne.fr\/wp-content\/uploads\/2025\/08\/be-11-11-9-high-768x768.webp 768w, http:\/\/eviedanse-pelissanne.fr\/wp-content\/uploads\/2025\/08\/be-11-11-9-high-100x100.webp 100w\" sizes=\"(max-width: 800px) 100vw, 800px\" \/><\/figure><div class=\"wp-block-media-text__content\">\n<p>&nbsp;<\/p>\n\n\n\n<p class=\"has-vivid-red-color has-text-color\">Au COMPLEXE G-L-J PELISSANNE &#8211;\u00a0rue du Berger<\/p>\n\n\n\n<p><strong>MERCREDI<\/strong>&nbsp;de 18h45 \u00e0 19h45 :&nbsp;\u201cFLOW\u2019 TONIC\u201d et de 19h45 \u00e0 20h45 : \u00a0\u00bb ZEN STRECH&rsquo; \u00ab\u00a0<\/p>\n\n\n\n<p><strong>SAMEDI<\/strong>&nbsp;de 09h15 \u00e0 10h15 : \u00a0\u00bb ZEN STRECH&rsquo; \u00a0\u00bb&nbsp;et de 10h15 \u00e0 11h15&nbsp;\u201cFLOW\u2019 TONIC\u201d<\/p>\n\n\n\n<p>&nbsp;<\/p>\n\n\n\n<p class=\"has-vivid-red-color has-text-color\">Au CENTRE DE KIN\u00c9 PELISSANNE &#8211; 480 av- des Raplaous<\/p>\n\n\n\n<p>S\u00e9ances privatives limit\u00e9es \u00e0 6 personnes. Et maintenues entre 4 et 6 participants.<\/p>\n\n\n\n<p>MARDI de 18h30 \u00e0 19h30 :\u00a0\u201cFLOW\u2019 TONIC\u201d et de 19h30 \u00e0 20h30 : \u00a0\u00bb ZEN STRECH&rsquo; \u00ab\u00a0<\/p>\n\n\n\n<p class=\"has-vivid-red-color has-text-color\">\u00e0&nbsp;SALON BEL- AIR &#8211; l&rsquo;Oustau de Bel-Air ancienne \u00e9cole<\/p>\n\n\n\n<p><strong>LUNDI<\/strong>&nbsp;de 15h15 \u00e0 16h15 : \u00a0\u00bb ZEN STRECH&rsquo; \u00ab\u00a0<\/p>\n\n\n\n<p><strong>VENDREDI<\/strong>&nbsp;de 09h15 \u00e0 10h15 : \u00a0\u00bb ZEN STRECH&rsquo; \u00a0\u00bb et de 10h15 \u00e0 11h15 :&nbsp;\u201cFLOW\u2019 TONIC\u201d<\/p>\n<\/div><\/div>\n\n\n\n<p><\/p>\n","protected":false},"excerpt":{"rendered":"<p>S\u00e9ance \u00ab\u00a0Zen Strech&rsquo; \u00ab\u00a0 Douceur et S\u00e9r\u00e9nit\u00e9 Ce cours est propos\u00e9 \u00e0 partir&nbsp;des fondamentaux du stretching postural. Il permet d&rsquo;am\u00e9liorer l\u2019\u00e9tat fonctionnel de tous les syst\u00e8mes par un travail de souplesse articulaire, mais aussi en tonifiant et en \u00e9tirant les muscles. Bas\u00e9 sur des\u00a0postures statiques ou dynamiques, il sort du cadre purement physique pour entrer [&hellip;]<\/p>\n","protected":false},"author":2,"featured_media":0,"parent":0,"menu_order":0,"comment_status":"closed","ping_status":"closed","template":"","meta":[],"_links":{"self":[{"href":"http:\/\/eviedanse-pelissanne.fr\/index.php\/wp-json\/wp\/v2\/pages\/726"}],"collection":[{"href":"http:\/\/eviedanse-pelissanne.fr\/index.php\/wp-json\/wp\/v2\/pages"}],"about":[{"href":"http:\/\/eviedanse-pelissanne.fr\/index.php\/wp-json\/wp\/v2\/types\/page"}],"author":[{"embeddable":true,"href":"http:\/\/eviedanse-pelissanne.fr\/index.php\/wp-json\/wp\/v2\/users\/2"}],"replies":[{"embeddable":true,"href":"http:\/\/eviedanse-pelissanne.fr\/index.php\/wp-json\/wp\/v2\/comments?post=726"}],"version-history":[{"count":1,"href":"http:\/\/eviedanse-pelissanne.fr\/index.php\/wp-json\/wp\/v2\/pages\/726\/revisions"}],"predecessor-version":[{"id":728,"href":"http:\/\/eviedanse-pelissanne.fr\/index.php\/wp-json\/wp\/v2\/pages\/726\/revisions\/728"}],"wp:attachment":[{"href":"http:\/\/eviedanse-pelissanne.fr\/index.php\/wp-json\/wp\/v2\/media?parent=726"}],"curies":[{"name":"wp","href":"https:\/\/api.w.org\/{rel}","templated":true}]}}

Les cours de Bien-être

<h2 class="has-vivid-cyan-blue-color has-text-color">Séance « Zen Strech&rsquo; « </h2>



<p><strong>Douceur et Sérénité</strong></p>



<p>Ce cours est proposé à partir&nbsp;des fondamentaux du stretching postural. Il permet d&rsquo;améliorer l’état fonctionnel de tous les systèmes par un travail de souplesse articulaire, mais aussi en tonifiant et en étirant les muscles.</p>



<p>Basé sur des postures statiques ou dynamiques, il sort du cadre purement physique pour entrer dans une dimension plus globale d’écoute de soi, de prévention et d’entretien de la santé. Les exercices permettent un travail très personnalisé qui accroît la capacité d’auto-écoute personnelle et améliore la condition psychophysique générale. </p>



<p>Les enchaînements pourraient faire penser à une rencontre entre le Yoga, pour le côté étirements et le Qi Gong pour le côté écoute des flux d&rsquo;énergie. Ils sont effectués essentiellement au sol dans la douceur avec nos propres possibilités d&rsquo;amplitude. On y pratique les techniques de respiration qui nous aident à contrôler notre cardio et à manipuler l’énergie vitale. Ce cours se dit zen dans le but final de créer un espace de sérénité et de bien-être profond pour se détendre et se laisser vivre dans le moment présent. Dans cette séance, la relaxation aide à prendre conscience du présent, à atteindre l’état de plénitude et à se recentrer sur soi. . Ce cours nous invite à harmoniser le corps, le cœur et l&rsquo;esprit ! </p>



<p>Un cours qui convient aussi bien aux débutants qu&rsquo;aux niveaux intermédiaires et à tout âge.</p>



<h2 class="has-vivid-cyan-blue-color has-text-color">Séance « Flow&rsquo; Tonic »</h2>



<p><strong>Énergie et Postures</strong></p>



<p>C’est un enchaînement tonique qui fait travailler tous les muscles du corps dans des séquences ludiques et exigeantes. Similaire à la pratique du yoga Vinyasa ou d&rsquo;une séance de Pilates : un mélange de mouvements et de postures plus physique que le « Zen Strech&rsquo;  » dans le but d&rsquo;un gainage complet de tout le corps et surtout de la musculature profonde. </p>



<p>La séance commence généralement par des exercices qui aident à activer les muscles sans oublier bien sûr l’importance de la respiration. Puis suivent les positions qui sont maintenues au rythme des inspirations et des expirations, c’est pourquoi on parle de «Flow». La respiration donne donc non seulement le rythme, mais elle nous aide également à rester centré sur nous même et permet de soulager la douleur dans certaines positions plus difficiles à tenir. Les positions debout et les équilibres sont suivies de différentes postures au sol. S’inspirant de la danse et du yoga moderne, visant un développement harmonieux du corps, la maîtrise et la fluidité des mouvements au son d’une playlist rythmée. </p>



<p>La fin de séance se termine par un temps de détente afin de&nbsp;ramener le calme.&nbsp;C’est une partie très importante et agréable du cours. Allongé sur le dos, le corps se détend lentement pour rentrer&nbsp;dans un état de relaxation.</p>



<h2 class="has-luminous-vivid-amber-color has-text-color">DES EXERCICES QUI SOIGNENT, COMMENT CELA EST-IL POSSIBLE ?</h2>



<p>Les  séances bien-être sont la compilation d&rsquo;un ensemble d&rsquo;approches: <strong>de la sophrologie, de la relaxation, de la méditation, du yoga, du Pilates, de la danse&#8230; </strong></p>



<p>L&rsquo;objectif est de retrouver son centre, ses muscles profonds qui maintiennent la colonne vertébrale, stabilisent le tronc et garantissent une bonne attitude corporelle. La méthode se développe autour de quelques principes essentiels: respiration consciente, concentration, activation du centre, fluidité du corps,&#8230; Ce sont des pratiques à intégrer à son quotidien ou à sa routine sportive pour mettre en avant ses propres besoins.&nbsp;<strong>Au programme: automassage, détente et souplesse articulaire, étirement et auto-agrandissement de la colonne, amélioration de la posture et de l&rsquo;équilibre, renforcement et stabilité musculaire. Et aussi élimination des toxines, amincissement, calme intérieure, sérénité émotionnelle, concentration &#8230;</strong></p>



<p>Un programme d&rsquo;exercices évolutif et personnalisé aux besoins de chacun vous est proposé, et chacun avance à son rythme. Il s&rsquo;adresse à tout public pratiquant régulier ou pas.</p>



<p>Une méthode et des exercices approuvés pour&nbsp;<strong>des bienfaits profonds et durables pour la santé physique, psychique et émotionnelle.</strong></p>



<p>Ces séances quotidiennes sont complétées par&nbsp;<strong>des ateliers ponctuels en collaboration avec des professionnels de la santé et du bien-être,&nbsp; réflexologue, diététicienne, sophrologue, sono-thérapeute&#8230;</strong>&nbsp;Ces ateliers sont mis en place pour apporter des clés pour un mieux être .&nbsp;Au-delà du bien-être et des effets positifs sur la santé on y vient aussi pour trouver en soi le calme et la sérénité dans un lieu propice à la détente.&nbsp;<strong>Rejoignez nous</strong><strong>&nbsp;ponctuellement à l&rsquo;espace Colibri ou au centre de kiné sur Pélissanne</strong>&nbsp;tout au long de l&rsquo;année pour nos ateliers ponctuels en collaboration avec des thérapeutes et des professionnels du bien-être. Suivez nous sur les réseaux sociaux&nbsp;!</p>



<p><strong>Vous souhaitez prendre soin de votre mental et de votre corps sans sacrifier la notion de plaisir ? C&rsquo;est les méthodes qu&rsquo;il vous faut !</strong></p>



<div class="wp-block-media-text alignwide is-stacked-on-mobile"><figure class="wp-block-media-text__media"><img loading="lazy" width="800" height="800" src="http://eviedanse-pelissanne.fr/wp-content/uploads/2025/08/be-11-11-9-high.webp" alt="" class="wp-image-727 size-full" srcset="http://eviedanse-pelissanne.fr/wp-content/uploads/2025/08/be-11-11-9-high.webp 800w, http://eviedanse-pelissanne.fr/wp-content/uploads/2025/08/be-11-11-9-high-300x300.webp 300w, http://eviedanse-pelissanne.fr/wp-content/uploads/2025/08/be-11-11-9-high-150x150.webp 150w, http://eviedanse-pelissanne.fr/wp-content/uploads/2025/08/be-11-11-9-high-768x768.webp 768w, http://eviedanse-pelissanne.fr/wp-content/uploads/2025/08/be-11-11-9-high-100x100.webp 100w" sizes="(max-width: 800px) 100vw, 800px" /></figure><div class="wp-block-media-text__content">
<p>&nbsp;</p>



<p class="has-vivid-red-color has-text-color">Au COMPLEXE G-L-J PELISSANNE &#8211; rue du Berger</p>



<p><strong>MERCREDI</strong>&nbsp;de 18h45 à 19h45 :&nbsp;“FLOW’ TONIC” et de 19h45 à 20h45 :  » ZEN STRECH&rsquo; « </p>



<p><strong>SAMEDI</strong>&nbsp;de 09h15 à 10h15 :  » ZEN STRECH&rsquo;  »&nbsp;et de 10h15 à 11h15&nbsp;“FLOW’ TONIC”</p>



<p>&nbsp;</p>



<p class="has-vivid-red-color has-text-color">Au CENTRE DE KINÉ PELISSANNE &#8211; 480 av- des Raplaous</p>



<p>Séances privatives limitées à 6 personnes. Et maintenues entre 4 et 6 participants.</p>



<p>MARDI de 18h30 à 19h30 : “FLOW’ TONIC” et de 19h30 à 20h30 :  » ZEN STRECH&rsquo; « </p>



<p class="has-vivid-red-color has-text-color">à&nbsp;SALON BEL- AIR &#8211; l&rsquo;Oustau de Bel-Air ancienne école</p>



<p><strong>LUNDI</strong>&nbsp;de 15h15 à 16h15 :  » ZEN STRECH&rsquo; « </p>



<p><strong>VENDREDI</strong>&nbsp;de 09h15 à 10h15 :  » ZEN STRECH&rsquo;  » et de 10h15 à 11h15 :&nbsp;“FLOW’ TONIC”</p>
</div></div>



<p></p>

<p>Séance « Zen Strech&rsquo; «  Douceur et Sérénité Ce cours est proposé à partir&nbsp;des fondamentaux du stretching postural. Il permet d&rsquo;améliorer l’état fonctionnel de tous les systèmes par un travail de souplesse articulaire, mais aussi en tonifiant et en étirant les muscles. Basé sur des postures statiques ou dynamiques, il sort du cadre purement physique pour entrer [&hellip;]</p>
